hat is the highest common divisor of 62 and g?
31
Suppose 0 = -16*v + 233 + 647. Calculate the highest common factor of 88 and v.
11
Let q be -1 + -117 + (-3 - -1). Suppose -11 = 4*z - 39. Let y be q/(-2) + (z - 7). What is the greatest common factor of y and 12?
12
Suppose -333*n + 334*n = 40. Calculate the greatest common divisor of n and 24.
8
Let a(f) = 4*f - 4. Let y be a(6). Let o(d) = 39*d - 151. Let b be o(4). Calculate the greatest common divisor of b and y.
5
Let u be 2 - (5 - 12/4). Suppose 45 = 5*s - u*s. Calculate the highest common divisor of s and 45.
9
Let m be -2*(-2 - -1) - 3/1. Let u be m/(-4) + ((-255)/(-4))/5. What is the greatest common factor of u and 13?
13
Suppose -5*q = 2*s + 21, -3*s - 9 = 7*q - 4*q. Suppose 4*f + 10 = 4*z + 54, s*f + 5*z - 1 = 0. Calculate the highest common divisor of f and 72.
8
Let t(k) = -k**2 - 10*k + 2. Let f be t(-5). Suppose f - 33 = -3*l. Let o(i) = i**3 + 3*i - 3. Let v be o(l). Calculate the greatest common divisor of 1 and v.
1
Let s be -10 - -11 - (-7 + 3). Suppose s*r + 2*c = -2*c + 376, 4*r - 276 = 3*c. What is the highest common divisor of 108 and r?
36
Let h(a) = 31*a**3 + a**2 - 3*a + 1. Let f be h(1). Calculate the highest common factor of f and 30.
30
Suppose 0 = -28*c + 27*c + 1, -w - c = -161. What is the greatest common divisor of w and 32?
32
Let w(l) = -l**3 - 7*l**2 - 10*l + 2. Let f be w(-5). Suppose 0*k = -5*b + 2*k + 486, f*k - 396 = -4*b. Calculate the highest common divisor of 28 and b.
14
Let v(h) = -8*h + 166. Let k be v(19). What is the greatest common factor of k and 70?
14
Let p = -2441 - -4753. What is the highest common factor of p and 68?
68
Suppose -9 = 5*u - 8*u. Let b be -10 - (3 - (-3 - -8)). Let x = b - -32. What is the highest common divisor of x and u?
3
Let z = -86 + 103. Suppose -44 = -3*h + 2*p + 64, 3*h + 4*p = 90. What is the highest common factor of z and h?
17
Let l be 2/(-12) - (6 - (-11669)/42). Let o = -131 - l. Calculate the greatest common factor of o and 34.
17
Let z(b) = 91*b**2 + b + 1. Let a be z(-1). Suppose 4*j + n - a = 0, -4*j - 2*n + 116 = j. Let r be 10/4*20/25. What is the greatest common divisor of r and j?
2
Suppose -q = -8 + 3. Suppose -5*v - 2*l + 22 = -4*v, v + q*l = 25. Let a(k) = -14*k - 6. Let y be a(-4). What is the highest common divisor of v and y?
10
Suppose -149 = h - 78. Let k = h - -76. Calculate the highest common factor of 80 and k.
5
Suppose 0 = 9*s - 4*s + 35. Let b(p) = 6*p**2 - p + 5. Let t be b(s). What is the greatest common factor of t and 34?
34
Suppose -10 = -2*f - 3*f. Suppose 12 = 2*t + 3*a, -5*t + 3*a + 48 = -f*t. Suppose -29 = -y - t. What is the highest common factor of y and 187?
17
Suppose -32 = -2*c + 2*d, -4*c - 7 = -5*c - 2*d. Let n = 27 - c. Let p(y) = 3*y**2 - y + 4. Let x be p(3). Calculate the highest common divisor of n and x.
14
Suppose -493*d = -477*d - 272. Calculate the highest common divisor of d and 2567.
17
Suppose -16*j + 231 + 617 = 0. What is the greatest common divisor of j and 424?
53
Suppose 2 + 4 = s. Let w be 3/s*58*1. Let c = w - 1. What is the highest common divisor of 14 and c?
14
Let h be (46 - 1)/3 - 3. Suppose 0*a - 4*i = -a + 10, -a = -5*i - h. Suppose a*r - 55 = 41. What is the highest common divisor of 6 and r?
6
Let k(x) = x + 17. Let l be -3 - ((6 - -1) + 4). Let f be k(l). What is the greatest common factor of 39 and f?
3
Let y be (-10)/50 + (-3818)/10. Let l be 1/(-3)*-2 + y/(-3). What is the highest common divisor of 16 and l?
16
Let a(q) = 92*q - 3. Let i be a(1). Let v = -51 + i. What is the highest common factor of v and 38?
38
Let v(w) = -5*w**3 + 2*w**2 + 9*w - 25. Let g be v(4). Let x = g + 420. Calculate the highest common factor of x and 13.
13
Let x be 2 + 6/1*-1. Let p be (-17)/(-34) + (-78)/x. Suppose m - 1 = r, 2*m + 3*r - 22 = -0*m. Calculate the highest common factor of m and p.
5
Let b(o) = 154*o**2 + 3*o - 1. Let i be b(1). Suppose 0*u + i = 3*u. Suppose j + u = 3*j. What is the greatest common factor of j and 65?
13
Let n be 91/1 + (15 - 11). What is the highest common divisor of n and 38?
19
Let v(d) = -2*d - 2. Let r be v(-3). Let h be (1 - r)*-1 + 8/4. Calculate the highest common factor of 40 and h.
5
Let o(g) = g**2 - 3*g - 1. Let v be o(4). Suppose -s + 1 = -v. Suppose -l - 3*q - 3 = q, 30 = s*l + 2*q. What is the greatest common divisor of l and 1?
1
Suppose 39*h - 1075 - 1226 = 0. What is the greatest common divisor of h and 1711?
59
Let x(g) = -g**3 + 3*g**2 - 2*g + 1. Suppose -19*p + 8 = -15*p. Let a be x(p). What is the greatest common divisor of a and 8?
1
Let q(k) be the third derivative of k**5/30 + k**4/24 - k**3/3 + 5*k**2. Let w be q(1). Calculate the highest common divisor of 3 and w.
1
Suppose -30420 = -21*d + d. Suppose -d = -10*z + 349. Calculate the greatest common factor of 11 and z.
11
Suppose 21*v + 212 = 884. Suppose 3*s - 3*z - 160 = z, 5*s - z - 244 = 0. What is the greatest common divisor of v and s?
16
Let r(t) = -t + 0*t + 24 - 1643*t**2 + 1644*t**2 - 6*t. Let m be r(8). What is the highest common factor of 32 and m?
32
Suppose 3*g = 5*t - 0*t + 53, -2*g + t = -40. Let u be -2 - (3 - (g + -4)). Calculate the greatest common factor of u and 4.
4
Let z = -58 - -78. Let g = 26 - z. Suppose -f + n + 3 = -4, 16 = -4*n. What is the greatest common divisor of g and f?
3
Suppose 0 = -81*b + 69*b + 384. What is the highest common factor of 64 and b?
32
Suppose -5*t = -4*h + 3, -5*h - 4*t + 14 = -0*h. Suppose -207 = h*j - 11*j. What is the highest common factor of j and 161?
23
Suppose 0*a = a + 4*o, -3*a + 2*o + 14 = 0. Let x(b) = 3*b + 5. Let f be x(a). Suppose 567 = 11*j + 6. Calculate the highest common factor of j and f.
17
Suppose 0 = 8*i + 39*i - 15181. Calculate the highest common divisor of 51 and i.
17
Suppose -g + 5*t = 20, -6*g + 4*g - 2*t + 8 = 0. Let a(s) = 7*s + 24. Let h be a(g). What is the greatest common factor of 48 and h?
24
Let r = 206 - 178. Calculate the highest common divisor of 4 and r.
4
Let d be (-3*3/5)/((-6)/270). Let s be 8/(1 - 0)*d/108. Calculate the greatest common divisor of s and 9.
3
Let u = -9 - -14. Let c(w) = -9*w + 50. Let s be c(5). What is the greatest common factor of u and s?
5
Let p be ((-1)/(-2))/(8/256). What is the greatest common factor of 16 and p?
16
Let f be ((-356)/2)/(4/(-58)). Suppose f = 16*r - 491. What is the highest common divisor of r and 48?
48
Let r be 1/(784/788 - 1). Let o = -85 - r. What is the greatest common factor of o and 16?
16
Suppose 0*x = x - 2*a + 4, -23 = -4*x - 5*a. Suppose 0 = -0*r - x*r + 24. What is the greatest common factor of 18 and r?
6
Let r = -97 + 98. Suppose -5*o - 2 - 3 = -2*i, -i - 11 = 2*o. Let m(j) = j**2 + 2*j. Let d be m(o). Calculate the greatest common divisor of d and r.
1
Let i be -171*1/(-8) + 96/(-256). What is the greatest common factor of 35 and i?
7
Let a(u) be the first derivative of u**3/3 - 2*u**2 - 11. Let i be a(6). What is the highest common divisor of 30 and i?
6
Let q be -54 + 1/((-4)/8). Let p be (4/(-16))/(2/q). Let t be 14*(-3 + p)/4. What is the highest common divisor of 112 and t?
14
Suppose 0 = 2*a - 8. Suppose a = 4*h, -2*h = 4*d - 0*h - 46. Let z = 24 - 13. Calculate the greatest common factor of d and z.
11
Let u = -133 - -146. Calculate the greatest common divisor of 13 and u.
13
Suppose -3*b - 3*j = -2*j - 46, -b = -5*j - 26. What is the highest common factor of 4 and b?
4
Suppose 57*l = 1992 + 288. Calculate the greatest common divisor of l and 90.
10
Let s be 15/(225/(-20))*-45. Calculate the highest common factor of 36 and s.
12
Let g = 107 - 97. Suppose 2*y + 2*j - 3 = 1, -5*y = -j + 14. Let u(q) = -11*q**3 + q**2 - 2. Let t be u(y). What is the greatest common divisor of g and t?
10
Let b(i) = -3*i**3 + 59*i**2 + 19*i + 24. Let h be b(20). Suppose 5*c - 3*w - 34 = 0, 6 + 16 = 4*c - 5*w. Calculate the greatest common divisor of h and c.
4
Let q be (-2)/(-15) + (19474/195 - -10). What is the highest common factor of 385 and q?
55
Let s = -758 - -763. Calculate the highest common divisor of 625 and s.
5
Suppose -5*z + 6*z + 72 = 2*l, 2*l + z - 68 = 0. Let w(j) = 3*j**2 + 10*j + 7 + 0 - 3*j + j. Let y be w(7). Calculate the highest common divisor of y and l.
35
Suppose 20*i = 37 + 3. What is the grea